{"version":"1.0","provider_name":"Villa Chiara","provider_url":"https:\/\/villa-chiara-opatija.com\/en","title":"More vacation, less about Covid-19 - Villa Chiara","type":"rich","width":600,"height":338,"html":"<blockquote class=\"wp-embedded-content\" data-secret=\"4ysuLzNrY1\"><a href=\"https:\/\/villa-chiara-opatija.com\/en\/more-vacation-less-about-covid-19\/\">More vacation, less about Covid-19<\/a><\/blockquote><iframe sandbox=\"allow-scripts\" security=\"restricted\" src=\"https:\/\/villa-chiara-opatija.com\/en\/more-vacation-less-about-covid-19\/embed\/#?secret=4ysuLzNrY1\" width=\"600\" height=\"338\" title=\"&#8220;More vacation, less about Covid-19&#8221; &#8212; Villa Chiara\" data-secret=\"4ysuLzNrY1\" frameborder=\"0\" marginwidth=\"0\" marginheight=\"0\" scrolling=\"no\" class=\"wp-embedded-content\"><\/iframe><script type=\"text\/javascript\">\n\/*! This file is auto-generated *\/\n!function(c,d){\"use strict\";var e=!1,o=!1;if(d.querySelector)if(c.addEventListener)e=!0;if(c.wp=c.wp||{},c.wp.receiveEmbedMessage);else if(c.wp.receiveEmbedMessage=function(e){var t=e.data;if(!t);else if(!(t.secret||t.message||t.value));else if(\/[^a-zA-Z0-9]\/.test(t.secret));else{for(var r,s,a,i=d.querySelectorAll('iframe[data-secret=\"'+t.secret+'\"]'),n=d.querySelectorAll('blockquote[data-secret=\"'+t.secret+'\"]'),o=new RegExp(\"^https?:$\",\"i\"),l=0;l<n.length;l++)n[l].style.display=\"none\";for(l=0;l<i.length;l++)if(r=i[l],e.source!==r.contentWindow);else{if(r.removeAttribute(\"style\"),\"height\"===t.message){if(1e3<(s=parseInt(t.value,10)))s=1e3;else if(~~s<200)s=200;r.height=s}if(\"link\"===t.message)if(s=d.createElement(\"a\"),a=d.createElement(\"a\"),s.href=r.getAttribute(\"src\"),a.href=t.value,!o.test(a.protocol));else if(a.host===s.host)if(d.activeElement===r)c.top.location.href=t.value}}},e)c.addEventListener(\"message\",c.wp.receiveEmbedMessage,!1),d.addEventListener(\"DOMContentLoaded\",t,!1),c.addEventListener(\"load\",t,!1);function t(){if(o);else{o=!0;for(var e,t,r,s=-1!==navigator.appVersion.indexOf(\"MSIE 10\"),a=!!navigator.userAgent.match(\/Trident.*rv:11\\.\/),i=d.querySelectorAll(\"iframe.wp-embedded-content\"),n=0;n<i.length;n++){if(!(r=(t=i[n]).getAttribute(\"data-secret\")))r=Math.random().toString(36).substr(2,10),t.src+=\"#?secret=\"+r,t.setAttribute(\"data-secret\",r);if(s||a)(e=t.cloneNode(!0)).removeAttribute(\"security\"),t.parentNode.replaceChild(e,t);t.contentWindow.postMessage({message:\"ready\",secret:r},\"*\")}}}}(window,document);\n<\/script>\n","description":"&nbsp; More vacation, less about Covid-19 Liebe G\u00e4ste! Nach zwei Monaten Ungewissheit, freuen wir uns sehr, Ihnen mitteilen zu k\u00f6nnen, dass sich die kroatischen Grenzen ab dem 11. Mai 2020 langsam \u00f6ffnen. Dies erm\u00f6glicht es uns als Ihr Gastgeber, ab dem 25.05.2020 Unterkunftsdienste anzubieten. Daher fokussieren wir uns und bem\u00fchen zur Zeit, uns an die [&hellip;]"}

&nbsp; More vacation, less about Covid-19 Liebe Gäste! Nach zwei Monaten Ungewissheit, freuen wir uns sehr, Ihnen mitteilen zu können, dass sich die kroatischen Grenzen ab dem 11. Mai 2020 langsam öffnen. Dies ermöglicht es uns als Ihr Gastgeber, ab dem 25.05.2020 Unterkunftsdienste anzubieten. Daher fokussieren wir uns und bemühen zur Zeit, uns an die [&hellip;]
